{"id":1068,"date":"2020-10-20T15:04:19","date_gmt":"2020-10-20T14:04:19","guid":{"rendered":"https:\/\/mgv-eintracht-vadrup.de\/?page_id=1068"},"modified":"2026-01-21T12:24:20","modified_gmt":"2026-01-21T11:24:20","slug":"der-chor-die-2","status":"publish","type":"page","link":"https:\/\/mgv-eintracht-vadrup.de\/?page_id=1068","title":{"rendered":"Der Chor"},"content":{"rendered":"\n<h2 class=\"wp-block-heading has-text-align-center\">Unser Chorleiter<\/h2>\n\n\n<div class=\"wp-block-image is-resized is-style-default\">\n<figure class=\"aligncenter size-large\"><img loading=\"lazy\" decoding=\"async\" width=\"1024\" height=\"900\" src=\"https:\/\/mgv-eintracht-vadrup.de\/wp-content\/uploads\/2020\/10\/Harald-Berger-2-1024x900.jpg\" alt=\"\" class=\"wp-image-1101\" srcset=\"https:\/\/mgv-eintracht-vadrup.de\/wp-content\/uploads\/2020\/10\/Harald-Berger-2-1024x900.jpg 1024w, https:\/\/mgv-eintracht-vadrup.de\/wp-content\/uploads\/2020\/10\/Harald-Berger-2-300x264.jpg 300w, https:\/\/mgv-eintracht-vadrup.de\/wp-content\/uploads\/2020\/10\/Harald-Berger-2-768x675.jpg 768w, https:\/\/mgv-eintracht-vadrup.de\/wp-content\/uploads\/2020\/10\/Harald-Berger-2.jpg 1161w\" sizes=\"auto, (max-width: 1024px) 100vw, 1024px\" \/><\/figure><\/div>\n\n\n<p>Harald Berger ist seit dem 01.02.2011 musikalischer Leiter unseres Chores.<\/p>\n\n\n\n<p>Er wurde 1960 in Bamberg geboren und wohnt seit 2010 in Westbevern-Vadrup.<\/p>\n\n\n\n<p>Nach einem Studium an der Musikhochschule M\u00fcnster (1982 bis 1987) zum Diplom-Musikp\u00e4dagogen arbeitet er als Chorleiter, Gitarren-, Stimmbildungs-, Musiktheorielehrer, Komponist und Musicalautor.<\/p>\n\n\n\n<p>Er verstand es sehr schnell, in das Repertoire unseres Chores neben der klassischen M\u00e4nnerchorliteratur neue, aktuelle Hits zu etablieren.<\/p>\n\n\n\n<p>Sein musikalisches K\u00f6nnen, seine Kreativit\u00e4t bei der Vermittlung neuer Literatur und seine einf\u00fchlsame Art und Weise der Leitung unseres Chores haben schnell dazu beigetragen unseren Chor als Gemeinschaft zu festigen, uns musikalisch weiterzuentwickeln und den Chor f\u00fcr neue S\u00e4nger interessant zu machen.<\/p>\n\n\n\n<p>Dies zeigte sich nicht zuletzt durch das ausgesprochene Lob und die Anerkennung unseres Publikums und der Tagespresse bei unseren zahlreichen Auftritten in den letzten Jahren.<\/p>\n\n\n\n<p>Im Jahr 2017 hat Harald Berger einen Chor aus M\u00fcnster in das Finale des Wettbewerbes \u201aDer Beste Chor im Westen\u2018 des WDR gef\u00fchrt. Dieses f\u00fchrte zu einer Einladung des Chores in die Carnegie Hall in New York.<\/p>\n\n\n\n<p>Hauptberuflich ist Harald Berger Lehrer f\u00fcr Musik an einer Sekundarschule in Dortmund.<\/p>\n\n\n\n<h2 class=\"wp-block-heading has-text-align-center\">Unsere Geschichte<\/h2>\n\n\n\n<p class=\"has-normal-font-size\">Die Vereinschronik unseres Chores wird im Original im Stadtarchiv der Stadt Telgte aufbewahrt. Dazu geh\u00f6ren die zwei Protokollb\u00fccher von 1896 bis 1956. Diese sind in S\u00fctterlin geschrieben.<\/p>\n\n\n\n<p>Unser Schriftf\u00fchrer, Chronist und Historiker Helmut Sommer hat in m\u00fchevoller Arbeit s\u00e4mtliche Seiten in die heutige deutsche Schrift \u00fcbertragen und digitalisert.<\/p>\n\n\n<div class=\"wp-block-image is-resized\">\n<figure class=\"aligncenter size-large\"><img loading=\"lazy\" decoding=\"async\" width=\"983\" height=\"812\" src=\"https:\/\/mgv-eintracht-vadrup.de\/wp-content\/uploads\/2020\/10\/Helmut-Sommer.jpg\" alt=\"\" class=\"wp-image-1069\" srcset=\"https:\/\/mgv-eintracht-vadrup.de\/wp-content\/uploads\/2020\/10\/Helmut-Sommer.jpg 983w, https:\/\/mgv-eintracht-vadrup.de\/wp-content\/uploads\/2020\/10\/Helmut-Sommer-300x248.jpg 300w, https:\/\/mgv-eintracht-vadrup.de\/wp-content\/uploads\/2020\/10\/Helmut-Sommer-768x634.jpg 768w\" sizes=\"auto, (max-width: 983px) 100vw, 983px\" \/><\/figure><\/div>\n\n\n<p>Daf\u00fcr Helmut, auch an dieser Stelle ein herzliches Dankesch\u00f6n f\u00fcr diese immense Arbeit.<\/p>\n\n\n\n<p>Hier soll ein kleiner Auszug daraus die Geschichte unseres Vereins skizzieren.<\/p>\n\n\n\n<figure class=\"wp-block-image size-large\"><img loading=\"lazy\" decoding=\"async\" width=\"1024\" height=\"768\" src=\"https:\/\/mgv-eintracht-vadrup.de\/wp-content\/uploads\/2020\/10\/1597857059221-58486358-299d-41c9-9c72-0a3a51132509-2-1024x768.jpg\" alt=\"\" class=\"wp-image-1066\" srcset=\"https:\/\/mgv-eintracht-vadrup.de\/wp-content\/uploads\/2020\/10\/1597857059221-58486358-299d-41c9-9c72-0a3a51132509-2-1024x768.jpg 1024w, https:\/\/mgv-eintracht-vadrup.de\/wp-content\/uploads\/2020\/10\/1597857059221-58486358-299d-41c9-9c72-0a3a51132509-2-300x225.jpg 300w, https:\/\/mgv-eintracht-vadrup.de\/wp-content\/uploads\/2020\/10\/1597857059221-58486358-299d-41c9-9c72-0a3a51132509-2-768x576.jpg 768w, https:\/\/mgv-eintracht-vadrup.de\/wp-content\/uploads\/2020\/10\/1597857059221-58486358-299d-41c9-9c72-0a3a51132509-2-1536x1152.jpg 1536w, https:\/\/mgv-eintracht-vadrup.de\/wp-content\/uploads\/2020\/10\/1597857059221-58486358-299d-41c9-9c72-0a3a51132509-2-1200x900.jpg 1200w, https:\/\/mgv-eintracht-vadrup.de\/wp-content\/uploads\/2020\/10\/1597857059221-58486358-299d-41c9-9c72-0a3a51132509-2-1980x1485.jpg 1980w, https:\/\/mgv-eintracht-vadrup.de\/wp-content\/uploads\/2020\/10\/1597857059221-58486358-299d-41c9-9c72-0a3a51132509-2.jpg 2000w\" sizes=\"auto, (max-width: 1024px) 100vw, 1024px\" \/><\/figure>\n\n\n\n<p>Am 4. Oktober 1896 gr\u00fcndeten 26 M\u00e4nner aus Vadrup den MGV \u201eEintracht\u201c Westbevern-Vadrup entsprechend der Losung \u201eStark und Freit, Gut und Treu!\u201c<\/p>\n\n\n\n<p>Die erste Generalversammlung fand im April 1897 statt. Dort wurden die Statuten des Vereines festgesetzt. Der Verein umfasste jetzt 41 Mitglieder. Ein Fahne f\u00fcr 150 Mark wurde in M\u00fcnster bestellt, die im Mai im Vereinslokal eingeweiht wurde.<\/p>\n\n\n\n<p>Das Eintrittsgeld betr\u00e4gt 1 Mark; wer zu sp\u00e4t zur Gesangstunde kommt, zahlt in der ersten Stunde 50 Pfennig Strafe, in der zweiten Stunde 1 Mark und nach Ablauf der ersten Stunde 1 Mark. Nichterscheinen wurde mit 2 Mark Strafe belohnt.<\/p>\n\n\n\n<p>Wer unentschuldigt fehlt zahlt 2 Mark Strafe; wer drei Gesangstunden hinter einander unentschuldigt fehlt, kann ausgeschlossen werden.<\/p>\n\n\n\n<p>Im Juni 1897 folgten schon die ersten \u00f6ffentlichen Auftritte, wie beim Bundes-Sangfest in Bad Laer, oder beim Sch\u00fctzenfest des Eisenbahn-Arbeitervereins.<\/p>\n\n\n\n<figure class=\"wp-block-image size-large\"><img loading=\"lazy\" decoding=\"async\" width=\"1024\" height=\"720\" src=\"https:\/\/mgv-eintracht-vadrup.de\/wp-content\/uploads\/2020\/10\/1597857090634-201f260c-4c4a-4528-88ad-c63e5e41841e-1024x720.jpg\" alt=\"\" class=\"wp-image-1063\" srcset=\"https:\/\/mgv-eintracht-vadrup.de\/wp-content\/uploads\/2020\/10\/1597857090634-201f260c-4c4a-4528-88ad-c63e5e41841e-1024x720.jpg 1024w, https:\/\/mgv-eintracht-vadrup.de\/wp-content\/uploads\/2020\/10\/1597857090634-201f260c-4c4a-4528-88ad-c63e5e41841e-300x211.jpg 300w, https:\/\/mgv-eintracht-vadrup.de\/wp-content\/uploads\/2020\/10\/1597857090634-201f260c-4c4a-4528-88ad-c63e5e41841e-768x540.jpg 768w, https:\/\/mgv-eintracht-vadrup.de\/wp-content\/uploads\/2020\/10\/1597857090634-201f260c-4c4a-4528-88ad-c63e5e41841e-1536x1080.jpg 1536w, https:\/\/mgv-eintracht-vadrup.de\/wp-content\/uploads\/2020\/10\/1597857090634-201f260c-4c4a-4528-88ad-c63e5e41841e-1200x844.jpg 1200w, https:\/\/mgv-eintracht-vadrup.de\/wp-content\/uploads\/2020\/10\/1597857090634-201f260c-4c4a-4528-88ad-c63e5e41841e-1980x1392.jpg 1980w, https:\/\/mgv-eintracht-vadrup.de\/wp-content\/uploads\/2020\/10\/1597857090634-201f260c-4c4a-4528-88ad-c63e5e41841e.jpg 2000w\" sizes=\"auto, (max-width: 1024px) 100vw, 1024px\" \/><\/figure>\n\n\n\n<p>Im September 1914 wurde beschlossen, die Proben ruhen zu lassen, weil viele der S\u00e4nger als Soldaten im Krieg waren. Zw\u00f6lf S\u00e4nger kehrten aus dem ersten Weltkrieg nicht zur\u00fcck.<\/p>\n\n\n\n<p>Der zweite Weltkrieg kostete acht S\u00e4ngern das Leben. <\/p>\n\n\n\n<p>Zur F\u00fcnfzig-Jahr-Feier, kurz nach dem zweiten Weltkrieg, fand ein gro\u00dfes Fest mit sechzehn Ch\u00f6ren aus der Umgebung statt.<\/p>\n\n\n\n<figure class=\"wp-block-image size-large\"><img loading=\"lazy\" decoding=\"async\" width=\"730\" height=\"1024\" src=\"https:\/\/mgv-eintracht-vadrup.de\/wp-content\/uploads\/2020\/10\/1597857256223-5adc4e35-1413-4a2b-83d0-076977144737-730x1024.jpg\" alt=\"\" class=\"wp-image-1067\" srcset=\"https:\/\/mgv-eintracht-vadrup.de\/wp-content\/uploads\/2020\/10\/1597857256223-5adc4e35-1413-4a2b-83d0-076977144737-730x1024.jpg 730w, https:\/\/mgv-eintracht-vadrup.de\/wp-content\/uploads\/2020\/10\/1597857256223-5adc4e35-1413-4a2b-83d0-076977144737-214x300.jpg 214w, https:\/\/mgv-eintracht-vadrup.de\/wp-content\/uploads\/2020\/10\/1597857256223-5adc4e35-1413-4a2b-83d0-076977144737-768x1078.jpg 768w, https:\/\/mgv-eintracht-vadrup.de\/wp-content\/uploads\/2020\/10\/1597857256223-5adc4e35-1413-4a2b-83d0-076977144737-1094x1536.jpg 1094w, https:\/\/mgv-eintracht-vadrup.de\/wp-content\/uploads\/2020\/10\/1597857256223-5adc4e35-1413-4a2b-83d0-076977144737-1200x1684.jpg 1200w, https:\/\/mgv-eintracht-vadrup.de\/wp-content\/uploads\/2020\/10\/1597857256223-5adc4e35-1413-4a2b-83d0-076977144737.jpg 1425w\" sizes=\"auto, (max-width: 730px) 100vw, 730px\" \/><\/figure>\n\n\n\n<p>Die folgenden Jahrzehnte waren durch ein reges Vereinsleben gepr\u00e4gt. Es wurden viele Konzerte aufgef\u00fchrt, das Feiern zu den unterschiedlichsten Anl\u00e4ssen kam nicht zu kurz. Es wurden sogar Theaterst\u00fccke inszeniert und aufgef\u00fchrt.<\/p>\n\n\n\n<p>Grosse Verdienste f\u00fcr den Verein erwarben sich Franz-Josef Schr\u00fcnder und Kurt Nosthoff, die den Gesangverein in verschiedenen Positionen von Beginn der 1960er Jahre \u00fcber Jahrzehnte pr\u00e4gten.<\/p>\n\n\n\n<p>Seit Februar 1999 leitet Stefan Krieft als Vorsitzender die Geschicke des Vereins.<\/p>\n\n\n\n<p>Das 100-j\u00e4hrige Bestehen wurde im Jahre 1996 besonders gefeiert. Dazu geh\u00f6rte u. a. ein Freundschaftssingen mit 23 Ch\u00f6ren aus nah und fern. Den Abschluss bildete die Auszeichnung des Chores mit der Zelter-Plakette f\u00fcr die Verdienste um den Chorgesang.<\/p>\n\n\n\n<p>Seit 2011 sorgt unser Chorleiter Harald Berger f\u00fcr unsere musikalische Weiterbildung und bringt immer wieder neue Impulse durch interessante Lieder und Arrangements.<\/p>\n","protected":false},"excerpt":{"rendered":"<p>Unser Chorleiter Harald Berger ist seit dem 01.02.2011 musikalischer Leiter unseres Chores. Er wurde 1960 in Bamberg geboren und wohnt seit 2010 in Westbevern-Vadrup. Nach einem Studium an der Musikhochschule M\u00fcnster (1982 bis 1987) zum Diplom-Musikp\u00e4dagogen arbeitet er als Chorleiter, Gitarren-, Stimmbildungs-, Musiktheorielehrer, Komponist und Musicalautor. Er verstand es sehr schnell, in das Repertoire unseres [&hellip;]<\/p>\n","protected":false},"author":3,"featured_media":0,"parent":0,"menu_order":0,"comment_status":"closed","ping_status":"closed","template":"","meta":{"footnotes":""},"class_list":["post-1068","page","type-page","status-publish","hentry"],"jetpack_sharing_enabled":true,"_links":{"self":[{"href":"https:\/\/mgv-eintracht-vadrup.de\/index.php?rest_route=\/wp\/v2\/pages\/1068","targetHints":{"allow":["GET"]}}],"collection":[{"href":"https:\/\/mgv-eintracht-vadrup.de\/index.php?rest_route=\/wp\/v2\/pages"}],"about":[{"href":"https:\/\/mgv-eintracht-vadrup.de\/index.php?rest_route=\/wp\/v2\/types\/page"}],"author":[{"embeddable":true,"href":"https:\/\/mgv-eintracht-vadrup.de\/index.php?rest_route=\/wp\/v2\/users\/3"}],"replies":[{"embeddable":true,"href":"https:\/\/mgv-eintracht-vadrup.de\/index.php?rest_route=%2Fwp%2Fv2%2Fcomments&post=1068"}],"version-history":[{"count":23,"href":"https:\/\/mgv-eintracht-vadrup.de\/index.php?rest_route=\/wp\/v2\/pages\/1068\/revisions"}],"predecessor-version":[{"id":2615,"href":"https:\/\/mgv-eintracht-vadrup.de\/index.php?rest_route=\/wp\/v2\/pages\/1068\/revisions\/2615"}],"wp:attachment":[{"href":"https:\/\/mgv-eintracht-vadrup.de\/index.php?rest_route=%2Fwp%2Fv2%2Fmedia&parent=1068"}],"curies":[{"name":"wp","href":"https:\/\/api.w.org\/{rel}","templated":true}]}}

<h2 class="wp-block-heading has-text-align-center">Unser Chorleiter</h2>


<div class="wp-block-image is-resized is-style-default">
<figure class="aligncenter size-large"><img loading="lazy" decoding="async" width="1024" height="900" src="https://mgv-eintracht-vadrup.de/wp-content/uploads/2020/10/Harald-Berger-2-1024x900.jpg" alt="" class="wp-image-1101" srcset="https://mgv-eintracht-vadrup.de/wp-content/uploads/2020/10/Harald-Berger-2-1024x900.jpg 1024w, https://mgv-eintracht-vadrup.de/wp-content/uploads/2020/10/Harald-Berger-2-300x264.jpg 300w, https://mgv-eintracht-vadrup.de/wp-content/uploads/2020/10/Harald-Berger-2-768x675.jpg 768w, https://mgv-eintracht-vadrup.de/wp-content/uploads/2020/10/Harald-Berger-2.jpg 1161w" sizes="auto, (max-width: 1024px) 100vw, 1024px" /></figure></div>


<p>Harald Berger ist seit dem 01.02.2011 musikalischer Leiter unseres Chores.</p>



<p>Er wurde 1960 in Bamberg geboren und wohnt seit 2010 in Westbevern-Vadrup.</p>



<p>Nach einem Studium an der Musikhochschule Münster (1982 bis 1987) zum Diplom-Musikpädagogen arbeitet er als Chorleiter, Gitarren-, Stimmbildungs-, Musiktheorielehrer, Komponist und Musicalautor.</p>



<p>Er verstand es sehr schnell, in das Repertoire unseres Chores neben der klassischen Männerchorliteratur neue, aktuelle Hits zu etablieren.</p>



<p>Sein musikalisches Können, seine Kreativität bei der Vermittlung neuer Literatur und seine einfühlsame Art und Weise der Leitung unseres Chores haben schnell dazu beigetragen unseren Chor als Gemeinschaft zu festigen, uns musikalisch weiterzuentwickeln und den Chor für neue Sänger interessant zu machen.</p>



<p>Dies zeigte sich nicht zuletzt durch das ausgesprochene Lob und die Anerkennung unseres Publikums und der Tagespresse bei unseren zahlreichen Auftritten in den letzten Jahren.</p>



<p>Im Jahr 2017 hat Harald Berger einen Chor aus Münster in das Finale des Wettbewerbes ‚Der Beste Chor im Westen‘ des WDR geführt. Dieses führte zu einer Einladung des Chores in die Carnegie Hall in New York.</p>



<p>Hauptberuflich ist Harald Berger Lehrer für Musik an einer Sekundarschule in Dortmund.</p>



<h2 class="wp-block-heading has-text-align-center">Unsere Geschichte</h2>



<p class="has-normal-font-size">Die Vereinschronik unseres Chores wird im Original im Stadtarchiv der Stadt Telgte aufbewahrt. Dazu gehören die zwei Protokollbücher von 1896 bis 1956. Diese sind in Sütterlin geschrieben.</p>



<p>Unser Schriftführer, Chronist und Historiker Helmut Sommer hat in mühevoller Arbeit sämtliche Seiten in die heutige deutsche Schrift übertragen und digitalisert.</p>


<div class="wp-block-image is-resized">
<figure class="aligncenter size-large"><img loading="lazy" decoding="async" width="983" height="812" src="https://mgv-eintracht-vadrup.de/wp-content/uploads/2020/10/Helmut-Sommer.jpg" alt="" class="wp-image-1069" srcset="https://mgv-eintracht-vadrup.de/wp-content/uploads/2020/10/Helmut-Sommer.jpg 983w, https://mgv-eintracht-vadrup.de/wp-content/uploads/2020/10/Helmut-Sommer-300x248.jpg 300w, https://mgv-eintracht-vadrup.de/wp-content/uploads/2020/10/Helmut-Sommer-768x634.jpg 768w" sizes="auto, (max-width: 983px) 100vw, 983px" /></figure></div>


<p>Dafür Helmut, auch an dieser Stelle ein herzliches Dankeschön für diese immense Arbeit.</p>



<p>Hier soll ein kleiner Auszug daraus die Geschichte unseres Vereins skizzieren.</p>



<figure class="wp-block-image size-large"><img loading="lazy" decoding="async" width="1024" height="768" src="https://mgv-eintracht-vadrup.de/wp-content/uploads/2020/10/1597857059221-58486358-299d-41c9-9c72-0a3a51132509-2-1024x768.jpg" alt="" class="wp-image-1066" srcset="https://mgv-eintracht-vadrup.de/wp-content/uploads/2020/10/1597857059221-58486358-299d-41c9-9c72-0a3a51132509-2-1024x768.jpg 1024w, https://mgv-eintracht-vadrup.de/wp-content/uploads/2020/10/1597857059221-58486358-299d-41c9-9c72-0a3a51132509-2-300x225.jpg 300w, https://mgv-eintracht-vadrup.de/wp-content/uploads/2020/10/1597857059221-58486358-299d-41c9-9c72-0a3a51132509-2-768x576.jpg 768w, https://mgv-eintracht-vadrup.de/wp-content/uploads/2020/10/1597857059221-58486358-299d-41c9-9c72-0a3a51132509-2-1536x1152.jpg 1536w, https://mgv-eintracht-vadrup.de/wp-content/uploads/2020/10/1597857059221-58486358-299d-41c9-9c72-0a3a51132509-2-1200x900.jpg 1200w, https://mgv-eintracht-vadrup.de/wp-content/uploads/2020/10/1597857059221-58486358-299d-41c9-9c72-0a3a51132509-2-1980x1485.jpg 1980w, https://mgv-eintracht-vadrup.de/wp-content/uploads/2020/10/1597857059221-58486358-299d-41c9-9c72-0a3a51132509-2.jpg 2000w" sizes="auto, (max-width: 1024px) 100vw, 1024px" /></figure>



<p>Am 4. Oktober 1896 gründeten 26 Männer aus Vadrup den MGV „Eintracht“ Westbevern-Vadrup entsprechend der Losung „Stark und Freit, Gut und Treu!“</p>



<p>Die erste Generalversammlung fand im April 1897 statt. Dort wurden die Statuten des Vereines festgesetzt. Der Verein umfasste jetzt 41 Mitglieder. Ein Fahne für 150 Mark wurde in Münster bestellt, die im Mai im Vereinslokal eingeweiht wurde.</p>



<p>Das Eintrittsgeld beträgt 1 Mark; wer zu spät zur Gesangstunde kommt, zahlt in der ersten Stunde 50 Pfennig Strafe, in der zweiten Stunde 1 Mark und nach Ablauf der ersten Stunde 1 Mark. Nichterscheinen wurde mit 2 Mark Strafe belohnt.</p>



<p>Wer unentschuldigt fehlt zahlt 2 Mark Strafe; wer drei Gesangstunden hinter einander unentschuldigt fehlt, kann ausgeschlossen werden.</p>



<p>Im Juni 1897 folgten schon die ersten öffentlichen Auftritte, wie beim Bundes-Sangfest in Bad Laer, oder beim Schützenfest des Eisenbahn-Arbeitervereins.</p>



<figure class="wp-block-image size-large"><img loading="lazy" decoding="async" width="1024" height="720" src="https://mgv-eintracht-vadrup.de/wp-content/uploads/2020/10/1597857090634-201f260c-4c4a-4528-88ad-c63e5e41841e-1024x720.jpg" alt="" class="wp-image-1063" srcset="https://mgv-eintracht-vadrup.de/wp-content/uploads/2020/10/1597857090634-201f260c-4c4a-4528-88ad-c63e5e41841e-1024x720.jpg 1024w, https://mgv-eintracht-vadrup.de/wp-content/uploads/2020/10/1597857090634-201f260c-4c4a-4528-88ad-c63e5e41841e-300x211.jpg 300w, https://mgv-eintracht-vadrup.de/wp-content/uploads/2020/10/1597857090634-201f260c-4c4a-4528-88ad-c63e5e41841e-768x540.jpg 768w, https://mgv-eintracht-vadrup.de/wp-content/uploads/2020/10/1597857090634-201f260c-4c4a-4528-88ad-c63e5e41841e-1536x1080.jpg 1536w, https://mgv-eintracht-vadrup.de/wp-content/uploads/2020/10/1597857090634-201f260c-4c4a-4528-88ad-c63e5e41841e-1200x844.jpg 1200w, https://mgv-eintracht-vadrup.de/wp-content/uploads/2020/10/1597857090634-201f260c-4c4a-4528-88ad-c63e5e41841e-1980x1392.jpg 1980w, https://mgv-eintracht-vadrup.de/wp-content/uploads/2020/10/1597857090634-201f260c-4c4a-4528-88ad-c63e5e41841e.jpg 2000w" sizes="auto, (max-width: 1024px) 100vw, 1024px" /></figure>



<p>Im September 1914 wurde beschlossen, die Proben ruhen zu lassen, weil viele der Sänger als Soldaten im Krieg waren. Zwölf Sänger kehrten aus dem ersten Weltkrieg nicht zurück.</p>



<p>Der zweite Weltkrieg kostete acht Sängern das Leben. </p>



<p>Zur Fünfzig-Jahr-Feier, kurz nach dem zweiten Weltkrieg, fand ein großes Fest mit sechzehn Chören aus der Umgebung statt.</p>



<figure class="wp-block-image size-large"><img loading="lazy" decoding="async" width="730" height="1024" src="https://mgv-eintracht-vadrup.de/wp-content/uploads/2020/10/1597857256223-5adc4e35-1413-4a2b-83d0-076977144737-730x1024.jpg" alt="" class="wp-image-1067" srcset="https://mgv-eintracht-vadrup.de/wp-content/uploads/2020/10/1597857256223-5adc4e35-1413-4a2b-83d0-076977144737-730x1024.jpg 730w, https://mgv-eintracht-vadrup.de/wp-content/uploads/2020/10/1597857256223-5adc4e35-1413-4a2b-83d0-076977144737-214x300.jpg 214w, https://mgv-eintracht-vadrup.de/wp-content/uploads/2020/10/1597857256223-5adc4e35-1413-4a2b-83d0-076977144737-768x1078.jpg 768w, https://mgv-eintracht-vadrup.de/wp-content/uploads/2020/10/1597857256223-5adc4e35-1413-4a2b-83d0-076977144737-1094x1536.jpg 1094w, https://mgv-eintracht-vadrup.de/wp-content/uploads/2020/10/1597857256223-5adc4e35-1413-4a2b-83d0-076977144737-1200x1684.jpg 1200w, https://mgv-eintracht-vadrup.de/wp-content/uploads/2020/10/1597857256223-5adc4e35-1413-4a2b-83d0-076977144737.jpg 1425w" sizes="auto, (max-width: 730px) 100vw, 730px" /></figure>



<p>Die folgenden Jahrzehnte waren durch ein reges Vereinsleben geprägt. Es wurden viele Konzerte aufgeführt, das Feiern zu den unterschiedlichsten Anlässen kam nicht zu kurz. Es wurden sogar Theaterstücke inszeniert und aufgeführt.</p>



<p>Grosse Verdienste für den Verein erwarben sich Franz-Josef Schründer und Kurt Nosthoff, die den Gesangverein in verschiedenen Positionen von Beginn der 1960er Jahre über Jahrzehnte prägten.</p>



<p>Seit Februar 1999 leitet Stefan Krieft als Vorsitzender die Geschicke des Vereins.</p>



<p>Das 100-jährige Bestehen wurde im Jahre 1996 besonders gefeiert. Dazu gehörte u. a. ein Freundschaftssingen mit 23 Chören aus nah und fern. Den Abschluss bildete die Auszeichnung des Chores mit der Zelter-Plakette für die Verdienste um den Chorgesang.</p>



<p>Seit 2011 sorgt unser Chorleiter Harald Berger für unsere musikalische Weiterbildung und bringt immer wieder neue Impulse durch interessante Lieder und Arrangements.</p>

<p>Unser Chorleiter Harald Berger ist seit dem 01.02.2011 musikalischer Leiter unseres Chores. Er wurde 1960 in Bamberg geboren und wohnt seit 2010 in Westbevern-Vadrup. Nach einem Studium an der Musikhochschule Münster (1982 bis 1987) zum Diplom-Musikpädagogen arbeitet er als Chorleiter, Gitarren-, Stimmbildungs-, Musiktheorielehrer, Komponist und Musicalautor. Er verstand es sehr schnell, in das Repertoire unseres [&hellip;]</p>
